{"id":9,"date":"2025-11-10T11:28:35","date_gmt":"2025-11-10T10:28:35","guid":{"rendered":"https:\/\/www.magnet-werbeagentur.de\/cultivatoren\/mesmerize\/"},"modified":"2026-03-05T08:42:58","modified_gmt":"2026-03-05T07:42:58","slug":"mesmerize","status":"publish","type":"page","link":"https:\/\/www.magnet-werbeagentur.de\/cultivatoren\/","title":{"rendered":"Front Page"},"content":{"rendered":"\n<div id=\"overlappable-4\" style=\"background-color: #ffffff;\" data-label=\"Overlappable\" data-id=\"overlappable-4\" data-export-id=\"overlappable-4\" data-category=\"overlappable\" class=\"overlappable-4 content-section content-section-spacing\" data-overlap=\"true\">\n    <div class=\"gridContainer\">\n        <div data-type=\"row\" class=\"row spaced-cols text-center center-sm content-center-sm\">\n            <div class=\"col-xs-12 col-sm-4 col-padding col-md-3 \"><a href=\"https:\/\/www.magnet-werbeagentur.de\/cultivatoren\/#leitbild\"><i class=\"fa icon fa-clone large shadow-large-black round aligncenter reverse color1\"><\/i> <p><\/p>\n                <div data-type=\"column\" class=\"\">\n                    <h5 class=\"\">AUFGABEN UND ZIELE<p><\/p>\n                    <p>LEITBILD<\/p><\/h5>\n                    <p><\/p>\n                <\/div><\/a>\n            <\/div>\n            <div class=\"col-xs-12 col-sm-4 col-padding col-md-3 \"><a href=\"https:\/\/www.magnet-werbeagentur.de\/cultivatoren\/angebot\/\"><i class=\"fa icon fa-cogs large shadow-large-black round aligncenter reverse color1\"><\/i> <p><\/p>\n                <div data-type=\"column\" class=\"\">\n                    <h5 class=\"\">ANGEBOTE<p><\/p>\n                    <p>ICH GEH\u00d6RE DAZU<\/p><\/h5>\n                    <p><\/p>\n                <\/div><\/a>\n            <\/div>\n            <div class=\"col-xs-12 col-sm-4 col-padding col-md-3 \"><a href=\"https:\/\/www.magnet-werbeagentur.de\/cultivatoren\/regionalgruppen\/\"><i class=\"fa icon shadow-large-black aligncenter color1 fa-calendar reverse round large\"><\/i> <p><\/p>\n                <div data-type=\"column\" class=\"\">\n                    <h5 class=\"\">REGIONALGRUPPEN<p><\/p>\n                    <p>KARTEN\u00dcBERSICHT<\/p><\/h5>\n                    <p><\/p>\n                <\/div><\/a>\n            <\/div>\n            <div class=\"col-xs-12 col-sm-4 col-padding col-md-3 \"><a href=\"https:\/\/www.magnet-werbeagentur.de\/cultivatoren\/ueber-mich\/\"><i class=\"fa icon shadow-large-black aligncenter color1 fa-calendar-o reverse round large\"><\/i> <p><\/p>\n                <div data-type=\"column\" class=\"\">\n                    <h5 class=\"\">\u00dcBER MICH<p><\/p>\n                    <p>BERATUNG-PR\u00c4VENTION-COACHING<\/p><\/h5>\n                    <p><\/p>\n                <\/div><\/a>\n            <\/div>\n        <\/div>\n    <\/div>\n<\/div>\n\n\n\n<div style=\"height:50px\" aria-hidden=\"true\" class=\"wp-block-spacer\"><\/div>\n\n\n\n<div id=\"leitbild\" class=\"wp-block-group wrapper\"><div class=\"wp-block-group__inner-container is-layout-constrained wp-block-group-is-layout-constrained\">\n<h2 class=\"wp-block-heading has-text-align-center has-text-color has-link-color wp-elements-ef964817a68bf35ae804083351ee3406\" style=\"color:#97be0d\">CULTIVATOREN<mark style=\"background-color:rgba(0, 0, 0, 0);color:#97be0d\" class=\"has-inline-color\"><strong><sup>\u00ae<\/sup><\/strong><\/mark><\/h2>\n\n\n\n<p class=\"has-text-align-center\">Vision <mark style=\"background-color:rgba(0, 0, 0, 0);color:#97be0d\" class=\"has-inline-color\"><strong>Cultivatoren<sup>\u00ae<\/sup><\/strong><\/mark>: <br>Menschen werden traumasensibel &#8211; mit geistlicher Intelligenz<br><strong><mark style=\"background-color:rgba(0, 0, 0, 0);color:#97be0d\" class=\"has-inline-color\">Cultivatoren<sup>\u00ae<\/sup><\/mark><\/strong> ist ein Netzwerk von Laien, die traumasensibel und geistlich wirken<\/p>\n\n\n\n<div style=\"height:30px\" aria-hidden=\"true\" class=\"wp-block-spacer\"><\/div>\n\n\n\n<p class=\"has-text-align-center\"><strong><mark style=\"background-color:rgba(0, 0, 0, 0);color:#97be0d\" class=\"has-inline-color\">Cultivatoren<sup>\u00ae<\/sup><\/mark><\/strong><mark style=\"background-color:rgba(0, 0, 0, 0)\" class=\"has-inline-color has-black-color\"> <\/mark>leben mit Glauben, Herz und Verstand ihren Alltag. Sie haben das Handwerkzeug, um Menschen in ihrem Umfeld zu stabilisieren. Sie sind in geistlichen Dingen nat\u00fcrlich und in nat\u00fcrlichen Dingen geistlich.<\/p>\n<\/div><\/div>\n\n\n\n<div style=\"height:60px\" aria-hidden=\"true\" class=\"wp-block-spacer\"><\/div>\n\n\n\n<div class=\"wp-block-group has-background\" style=\"background:linear-gradient(135deg,rgb(151,190,13) 0%,rgb(64,118,40) 100%)\"><div class=\"wp-block-group__inner-container is-layout-constrained wp-block-group-is-layout-constrained\">\n<div style=\"height:30px\" aria-hidden=\"true\" class=\"wp-block-spacer\"><\/div>\n\n\n\n<h4 class=\"wp-block-heading has-text-align-center has-white-color has-text-color has-link-color wp-elements-e61f8641a42a49324069194e59830f60\"><strong>CULTIVATOREN<sup>\u00ae<\/sup> KOOPERIERT ENG MIT DEM TRAUMAINSTITUT F\u00dcR PR\u00c4VENTION UND SEELSORGE.<\/strong><\/h4>\n\n\n\n<div style=\"height:15px\" aria-hidden=\"true\" class=\"wp-block-spacer\"><\/div>\n<\/div><\/div>\n\n\n\n<div style=\"height:50px\" aria-hidden=\"true\" class=\"wp-block-spacer\"><\/div>\n\n\n\n<div class=\"wp-block-group wrapper-text\"><div class=\"wp-block-group__inner-container is-layout-constrained wp-block-group-is-layout-constrained\">\n<figure class=\"wp-block-image size-full runde-ecken\"><img loading=\"lazy\" decoding=\"async\" width=\"1000\" height=\"560\" src=\"https:\/\/www.magnet-werbeagentur.de\/cultivatoren\/wp-content\/uploads\/2025\/12\/AdobeStock_734417977.jpg\" alt=\"\" class=\"wp-image-319\" srcset=\"https:\/\/www.magnet-werbeagentur.de\/cultivatoren\/wp-content\/uploads\/2025\/12\/AdobeStock_734417977.jpg 1000w, https:\/\/www.magnet-werbeagentur.de\/cultivatoren\/wp-content\/uploads\/2025\/12\/AdobeStock_734417977-300x168.jpg 300w, https:\/\/www.magnet-werbeagentur.de\/cultivatoren\/wp-content\/uploads\/2025\/12\/AdobeStock_734417977-768x430.jpg 768w\" sizes=\"auto, (max-width: 1000px) 100vw, 1000px\" \/><\/figure>\n\n\n\n<p class=\"kultivatoren\">Was sind \u00fcberhaupt Kultivatoren? Gartenger\u00e4te, die harten Untergrund lockern, Unkraut entfernen und den Boden f\u00fcr die Aussaat vorbereiten. Der Regen wird dann leichter aufgenommen, die Saat geht auf, und die Pflanzen wurzeln und gedeihen.<\/p>\n\n\n\n<div style=\"height:30px\" aria-hidden=\"true\" class=\"wp-block-spacer\"><\/div>\n<\/div><\/div>\n\n\n\n<div class=\"wp-block-group wrapper\"><div class=\"wp-block-group__inner-container is-layout-constrained wp-block-group-is-layout-constrained\">\n<p class=\"has-text-align-center\">Ersetze das \u201eK\u201c durch \u201eC\u201c &#8211; dann werden daraus <mark style=\"background-color:rgba(0, 0, 0, 0);color:#97be0d\" class=\"has-inline-color\"><strong>\u201eCultivatoren<sup>\u00ae<\/sup>\u201c<\/strong><\/mark>. <br>Das \u201eC\u201c steht f\u00fcr \u201eChristus\u201c. Denn wir glauben, dass der Mensch mehr braucht als die eigenen Kompetenzen <br>und Ressourcen, n\u00e4mlich Jesus Christus.<\/p>\n<\/div><\/div>\n\n\n\n<div style=\"height:100px\" aria-hidden=\"true\" class=\"wp-block-spacer\"><\/div>\n\n\n\n<div class=\"wp-block-group has-background\" style=\"background:linear-gradient(135deg,rgb(151,190,13) 0%,rgb(64,118,40) 100%)\"><div class=\"wp-block-group__inner-container is-layout-constrained wp-block-group-is-layout-constrained\">\n<div style=\"height:30px\" aria-hidden=\"true\" class=\"wp-block-spacer\"><\/div>\n\n\n\n<h4 class=\"wp-block-heading has-text-align-center has-white-color has-text-color has-link-color wp-elements-2e3c8b3e44ad30f328ecf4ad8ede1af1\"><strong>DU M\u00d6CHTEST ZU CULTIVATOREN<strong><sup>\u00ae<\/sup><\/strong> GEH\u00d6REN UND &#8230;<\/strong><\/h4>\n\n\n\n<div style=\"height:15px\" aria-hidden=\"true\" class=\"wp-block-spacer\"><\/div>\n<\/div><\/div>\n\n\n\n<div style=\"height:60px\" aria-hidden=\"true\" class=\"wp-block-spacer\"><\/div>\n\n\n\n<div class=\"wp-block-group wrapper\"><div class=\"wp-block-group__inner-container is-layout-constrained wp-block-group-is-layout-constrained\">\n<p class=\"has-text-align-center\"><img loading=\"lazy\" decoding=\"async\" width=\"17\" height=\"13\" class=\"wp-image-278\" style=\"width: 17px;\" src=\"https:\/\/www.magnet-werbeagentur.de\/cultivatoren\/wp-content\/uploads\/2025\/12\/haken.png\" alt=\"\"><strong> \u2026 eine Fachstelle aufmachen und professionell beraten?<\/strong><br>Dann solltest du fachlich ausgebildet sein.<\/p>\n\n\n\n<p class=\"has-text-align-center\"><strong><img loading=\"lazy\" decoding=\"async\" width=\"17\" height=\"13\" class=\"wp-image-278\" style=\"width: 17px;\" src=\"https:\/\/www.magnet-werbeagentur.de\/cultivatoren\/wp-content\/uploads\/2025\/12\/haken.png\" alt=\"\"> \u2026 Begegnungen in deinem Unternehmen traumasensibel gestalten?<\/strong><br>Dann solltest du unternehmerisch t\u00e4tig sein.<\/p>\n\n\n\n<p class=\"has-text-align-center\"><strong><img loading=\"lazy\" decoding=\"async\" width=\"17\" height=\"13\" class=\"wp-image-278\" style=\"width: 17px;\" src=\"https:\/\/www.magnet-werbeagentur.de\/cultivatoren\/wp-content\/uploads\/2025\/12\/haken.png\" alt=\"\"> \u2026 zu den Begleitern geh\u00f6ren und ehrenamtlich mitarbeiten?<\/strong><br>Dann solltest du dich einer Regionalgruppe anschlie\u00dfen.<\/p>\n\n\n\n<p class=\"has-text-align-center\"><strong><img loading=\"lazy\" decoding=\"async\" width=\"17\" height=\"13\" class=\"wp-image-278\" style=\"width: 17px;\" src=\"https:\/\/www.magnet-werbeagentur.de\/cultivatoren\/wp-content\/uploads\/2025\/12\/haken.png\" alt=\"\"> \u2026 zum Freundeskreis dazugeh\u00f6ren?<\/strong><br>Dann solltest du dich einer Regionalgruppe anschlie\u00dfen.<\/p>\n\n\n\n<p><\/p>\n\n\n\n<p class=\"has-text-align-center\">Wir freuen uns \u00fcber dein Interesse! Du hast die Wahl zwischen vier M\u00f6glichkeiten.<br>Viele Menschen, mit denen wir im Gespr\u00e4ch sind, sagen uns: \u201eDa will ich mitmachen!\u201c Das freut uns.<\/p>\n\n\n\n<p class=\"has-text-align-center\"><strong>Bist du auch dabei?<\/strong><\/p>\n<\/div><\/div>\n\n\n\n<div style=\"height:100px\" aria-hidden=\"true\" class=\"wp-block-spacer\"><\/div>\n\n\n\n<div class=\"wp-block-group wrapper wrapper-werte\"><div class=\"wp-block-group__inner-container is-layout-constrained wp-block-group-is-layout-constrained\">\n<div class=\"wp-block-columns is-layout-flex wp-container-core-columns-is-layout-9d6595d7 wp-block-columns-is-layout-flex\">\n<div class=\"wp-block-column is-layout-flow wp-block-column-is-layout-flow\">\n<div class=\"wp-block-cover is-light\" style=\"min-height:200px;aspect-ratio:unset;\"><span aria-hidden=\"true\" class=\"wp-block-cover__background has-background-dim-100 has-background-dim\" style=\"background-color:#97be0d\"><\/span><div class=\"wp-block-cover__inner-container is-layout-constrained wp-block-cover-is-layout-constrained\">\n<p class=\"has-white-color has-text-color has-link-color wp-elements-8bf049c9f7fb998a74322376a4d956fa\"><strong>VISION<\/strong><br><br>Menschen werden traumasensibel &#8211;<br>mit geistlicher Kompetenz<\/p>\n<\/div><\/div>\n<\/div>\n\n\n\n<div class=\"wp-block-column is-layout-flow wp-block-column-is-layout-flow\">\n<div class=\"wp-block-cover is-light\" style=\"min-height:200px;aspect-ratio:unset;\"><span aria-hidden=\"true\" class=\"wp-block-cover__background has-background-dim-100 has-background-dim\" style=\"background-color:#97be0d\"><\/span><div class=\"wp-block-cover__inner-container is-layout-constrained wp-block-cover-is-layout-constrained\">\n<p class=\"has-white-color has-text-color has-link-color wp-elements-78b281cf2ce26106e6654dd95f5fd2c1\"><strong>WERTE<\/strong><br><br><img loading=\"lazy\" decoding=\"async\" width=\"17\" height=\"13\" class=\"wp-image-281\" style=\"width: 17px;\" src=\"https:\/\/www.magnet-werbeagentur.de\/cultivatoren\/wp-content\/uploads\/2025\/12\/hakenw.png\" alt=\"\"> Himmlisch und qualifiziert<br><img loading=\"lazy\" decoding=\"async\" width=\"17\" height=\"13\" class=\"wp-image-281\" style=\"width: 17px;\" src=\"https:\/\/www.magnet-werbeagentur.de\/cultivatoren\/wp-content\/uploads\/2025\/12\/hakenw.png\" alt=\"\"> Verbindlich und \u00fcberraschend<br><img loading=\"lazy\" decoding=\"async\" width=\"17\" height=\"13\" class=\"wp-image-281\" style=\"width: 17px;\" src=\"https:\/\/www.magnet-werbeagentur.de\/cultivatoren\/wp-content\/uploads\/2025\/12\/hakenw.png\" alt=\"\"> Herausfordernd und leicht<\/p>\n<\/div><\/div>\n<\/div>\n<\/div>\n\n\n\n<div style=\"height:30px\" aria-hidden=\"true\" class=\"wp-block-spacer ausblenden\"><\/div>\n\n\n\n<div class=\"wp-block-columns is-layout-flex wp-container-core-columns-is-layout-9d6595d7 wp-block-columns-is-layout-flex\">\n<div class=\"wp-block-column is-layout-flow wp-block-column-is-layout-flow\">\n<div class=\"wp-block-cover is-light\" style=\"min-height:200px;aspect-ratio:unset;\"><span aria-hidden=\"true\" class=\"wp-block-cover__background has-background-dim-100 has-background-dim\" style=\"background-color:#97be0d\"><\/span><div class=\"wp-block-cover__inner-container is-layout-constrained wp-block-cover-is-layout-constrained\">\n<p class=\"has-white-color has-text-color has-link-color wp-elements-f8bc6d03fbf411552ac88da8e82be5da\"><strong>ZIELGRUPPEN<\/strong><br><br><img loading=\"lazy\" decoding=\"async\" width=\"17\" height=\"13\" class=\"wp-image-281\" style=\"width: 17px;\" src=\"https:\/\/www.magnet-werbeagentur.de\/cultivatoren\/wp-content\/uploads\/2025\/12\/hakenw.png\" alt=\"\"> Menschen, die Traumafachberatung anbieten<br><img loading=\"lazy\" decoding=\"async\" width=\"17\" height=\"13\" class=\"wp-image-281\" style=\"width: 17px;\" src=\"https:\/\/www.magnet-werbeagentur.de\/cultivatoren\/wp-content\/uploads\/2025\/12\/hakenw.png\" alt=\"\"> Menschen in Verantwortung, die Begegnungen traumasensibel gestalten wollen<br><img loading=\"lazy\" decoding=\"async\" width=\"17\" height=\"13\" class=\"wp-image-281\" style=\"width: 17px;\" src=\"https:\/\/www.magnet-werbeagentur.de\/cultivatoren\/wp-content\/uploads\/2025\/12\/hakenw.png\" alt=\"\"> Menschen, die ehrenamtlich mitarbeiten wollen<br><img loading=\"lazy\" decoding=\"async\" width=\"17\" height=\"13\" class=\"wp-image-281\" style=\"width: 17px;\" src=\"https:\/\/www.magnet-werbeagentur.de\/cultivatoren\/wp-content\/uploads\/2025\/12\/hakenw.png\" alt=\"\"> Menschen, die dazugeh\u00f6ren wollen<\/p>\n\n\n\n<p class=\"has-white-color has-text-color has-link-color wp-elements-c645e628e62f8fbab9d9726851472d16\"><\/p>\n<\/div><\/div>\n<\/div>\n\n\n\n<div class=\"wp-block-column is-layout-flow wp-block-column-is-layout-flow\">\n<div class=\"wp-block-cover is-light\" style=\"min-height:200px;aspect-ratio:unset;\"><span aria-hidden=\"true\" class=\"wp-block-cover__background has-background-dim-100 has-background-dim\" style=\"background-color:#97be0d\"><\/span><div class=\"wp-block-cover__inner-container is-layout-constrained wp-block-cover-is-layout-constrained\">\n<p class=\"has-white-color has-text-color has-link-color wp-elements-535ca0245fb19e2e411d6f45ae95d208\"><strong>NUTZEN<\/strong><br><br><img loading=\"lazy\" decoding=\"async\" width=\"17\" height=\"13\" class=\"wp-image-281\" style=\"width: 17px;\" src=\"https:\/\/www.magnet-werbeagentur.de\/cultivatoren\/wp-content\/uploads\/2025\/12\/hakenw.png\" alt=\"\"> Identit\u00e4t st\u00e4rken<br><img loading=\"lazy\" decoding=\"async\" width=\"17\" height=\"13\" class=\"wp-image-281\" style=\"width: 17px;\" src=\"https:\/\/www.magnet-werbeagentur.de\/cultivatoren\/wp-content\/uploads\/2025\/12\/hakenw.png\" alt=\"\"> Traumakompetenz f\u00f6rdern<br><img loading=\"lazy\" decoding=\"async\" width=\"17\" height=\"13\" class=\"wp-image-281\" style=\"width: 17px;\" src=\"https:\/\/www.magnet-werbeagentur.de\/cultivatoren\/wp-content\/uploads\/2025\/12\/hakenw.png\" alt=\"\"> Hoffnungsr\u00e4ume erweitern<br><img loading=\"lazy\" decoding=\"async\" width=\"17\" height=\"13\" class=\"wp-image-281\" style=\"width: 17px;\" src=\"https:\/\/www.magnet-werbeagentur.de\/cultivatoren\/wp-content\/uploads\/2025\/12\/hakenw.png\" alt=\"\"> Ressourcenblick entwickeln<br><img loading=\"lazy\" decoding=\"async\" width=\"17\" height=\"13\" class=\"wp-image-281\" style=\"width: 17px;\" src=\"https:\/\/www.magnet-werbeagentur.de\/cultivatoren\/wp-content\/uploads\/2025\/12\/hakenw.png\" alt=\"\"> Lebensqualit\u00e4t verbessern<\/p>\n\n\n\n<p class=\"has-white-color has-text-color has-link-color wp-elements-c645e628e62f8fbab9d9726851472d16\"><\/p>\n<\/div><\/div>\n<\/div>\n<\/div>\n<\/div><\/div>\n\n\n\n<div style=\"height:100px\" aria-hidden=\"true\" class=\"wp-block-spacer\"><\/div>\n","protected":false},"excerpt":{"rendered":"<p>AUFGABEN UND ZIELE LEITBILD ANGEBOTE ICH GEH\u00d6RE DAZU REGIONALGRUPPEN KARTEN\u00dcBERSICHT \u00dcBER MICH BERATUNG-PR\u00c4VENTION-COACHING CULTIVATOREN\u00ae Vision Cultivatoren\u00ae: Menschen werden traumasensibel &#8211; mit geistlicher IntelligenzCultivatoren\u00ae ist ein Netzwerk von Laien, die traumasensibel und geistlich wirken Cultivatoren\u00ae leben mit Glauben, Herz und Verstand ihren Alltag. Sie haben das Handwerkzeug, um Menschen in ihrem Umfeld zu stabilisieren. Sie sind&hellip; <br \/> <a class=\"read-more\" href=\"https:\/\/www.magnet-werbeagentur.de\/cultivatoren\/\">Weiterlesen<\/a><\/p>\n","protected":false},"author":1,"featured_media":0,"parent":0,"menu_order":0,"comment_status":"closed","ping_status":"closed","template":"page-templates\/homepage.php","meta":{"footnotes":""},"class_list":["post-9","page","type-page","status-publish","hentry"],"_links":{"self":[{"href":"https:\/\/www.magnet-werbeagentur.de\/cultivatoren\/wp-json\/wp\/v2\/pages\/9","targetHints":{"allow":["GET"]}}],"collection":[{"href":"https:\/\/www.magnet-werbeagentur.de\/cultivatoren\/wp-json\/wp\/v2\/pages"}],"about":[{"href":"https:\/\/www.magnet-werbeagentur.de\/cultivatoren\/wp-json\/wp\/v2\/types\/page"}],"author":[{"embeddable":true,"href":"https:\/\/www.magnet-werbeagentur.de\/cultivatoren\/wp-json\/wp\/v2\/users\/1"}],"replies":[{"embeddable":true,"href":"https:\/\/www.magnet-werbeagentur.de\/cultivatoren\/wp-json\/wp\/v2\/comments?post=9"}],"version-history":[{"count":162,"href":"https:\/\/www.magnet-werbeagentur.de\/cultivatoren\/wp-json\/wp\/v2\/pages\/9\/revisions"}],"predecessor-version":[{"id":372,"href":"https:\/\/www.magnet-werbeagentur.de\/cultivatoren\/wp-json\/wp\/v2\/pages\/9\/revisions\/372"}],"wp:attachment":[{"href":"https:\/\/www.magnet-werbeagentur.de\/cultivatoren\/wp-json\/wp\/v2\/media?parent=9"}],"curies":[{"name":"wp","href":"https:\/\/api.w.org\/{rel}","templated":true}]}}